156 is divided by 84157?
8
Calculate the remainder when 2150777 is divided by 3659.
2944
Calculate the remainder when 9149067 is divided by 94.
47
Calculate the remainder when 3247350 is divided by 16.
6
Calculate the remainder when 17546 is divided by 950.
446
Calculate the remainder when 563182 is divided by 17584.
494
Calculate the remainder when 21449150 is divided by 20.
10
Calculate the remainder when 24392110 is divided by 50293.
5
What is the remainder when 8106979 is divided by 2702324?
7
What is the remainder when 82907637 is divided by 34?
31
What is the remainder when 12273049 is divided by 1285?
14
What is the remainder when 39836756 is divided by 13573?
1
What is the remainder when 12589 is divided by 6189?
211
What is the remainder when 239396 is divided by 26589?
95
What is the remainder when 13219195 is divided by 8150?
8045
Calculate the remainder when 374721588 is divided by 11.
10
Calculate the remainder when 59074 is divided by 19411.
841
Calculate the remainder when 249654850 is divided by 1044.
1042
What is the remainder when 193719211 is divided by 2332?
2303
Calculate the remainder when 25613927 is divided by 8537969.
20
Calculate the remainder when 31978746 is divided by 31978727.
19
What is the remainder when 2608750 is divided by 274?
270
Calculate the remainder when 29492795 is divided by 59.
52
What is the remainder when 30449871 is divided by 1911?
1908
What is the remainder when 3071290 is divided by 65?
40
Calculate the remainder when 123288 is divided by 12234.
948
Calculate the remainder when 382308 is divided by 95503.
296
Calculate the remainder when 5372389 is divided by 436.
433
What is the remainder when 221314 is divided by 211?
186
What is the remainder when 164672 is divided by 76150?
12372
Calculate the remainder when 5375021 is divided by 6531.
8
What is the remainder when 19342 is divided by 1463?
323
What is the remainder when 185542821 is divided by 2932?
2929
What is the remainder when 629135 is divided by 2119?
1911
Calculate the remainder when 145369366 is divided by 9.
7
Calculate the remainder when 8172 is divided by 2138.
1758
What is the remainder when 1034468 is divided by 731?
103
What is the remainder when 2133140 is divided by 20?
0
What is the remainder when 77538459 is divided by 1091?
1089
What is the remainder when 469035251 is divided by 789?
788
Calculate the remainder when 519575 is divided by 19242.
41
Calculate the remainder when 45152 is divided by 3206.
268
Calculate the remainder when 823482 is divided by 5967.
36
What is the remainder when 8969786 is divided by 1303?
1237
Calculate the remainder when 1155081 is divided by 192511.
15
What is the remainder when 11287235 is divided by 3224?
11
Calculate the remainder when 1909175 is divided by 41.
10
What is the remainder when 6966128 is divided by 108843?
176
What is the remainder when 8330801 is divided by 4165395?
11
Calculate the remainder when 35153 is divided by 1123.
340
Calculate the remainder when 11046 is divided by 5481.
84
What is the remainder when 173879 is divided by 34730?
229
Calculate the remainder when 5325 is divided by 4811.
514
What is the remainder when 1680073 is divided by 304?
169
Calculate the remainder when 9388 is divided by 1254.
610
Calculate the remainder when 833595 is divided by 27.
24
What is the remainder when 222327 is divided by 794?
7
Calculate the remainder when 310835627 is divided by 95.
92
What is the remainder when 351934 is divided by 15996?
22
What is the remainder when 283619 is divided by 2026?
2005
What is the remainder when 6061 is divided by 5588?
473
Calculate the remainder when 358703 is divided by 14328.
503
What is the remainder when 7335454 is divided by 33?
16
Calculate the remainder when 26808628 is divided by 11661.
11650
What is the remainder when 28235 is divided by 955?
540
What is the remainder when 21240083 is divided by 91159?
36
Calculate the remainder when 80739 is divided by 995.
144
Calculate the remainder when 8396344 is divided by 1544.
72
Calculate the remainder when 401245 is divided by 14852.
241
What is the remainder when 9995412 is divided by 1755?
687
What is the remainder when 24952458 is divided by 64?
10
What is the remainder when 62993 is divided by 31485?
23
Calculate the remainder when 457558 is divided by 158.
148
Calculate the remainder when 211623 is divided by 8775.
1023
What is the remainder when 781074 is divided by 739?
690
Calculate the remainder when 1803866 is divided by 360185.
2941
Calculate the remainder when 1656332 is divided by 828145.
42
Calculate the remainder when 142551 is divided by 137.
71
Calculate the remainder when 125955 is divided by 1115.
1075
What is the remainder when 555542 is divided by 14158?
3380
Calculate the remainder when 455126 is divided by 830.
286
Calculate the remainder when 812006 is divided by 298.
254
Calculate the remainder when 674093 is divided by 269.
248
Calculate the remainder when 3319383 is divided by 17022.
93
What is the remainder when 210159 is divided by 33?
15
What is the remainder when 535034 is divided by 178014?
992
Calculate the remainder when 3683232 is divided by 12789.
0
What is the remainder when 1927598 is divided by 240923?
214
Calculate the remainder when 84381 is divided by 3111.
384
Calculate the remainder when 1662665 is divided by 1662508.
157
Calculate the remainder when 9924 is divided by 1601.
318
What is the remainder when 6047885 is divided by 88?
85
Calculate the remainder when 30936 is divided by 7312.
1688
Calculate the remainder when 226531 is divided by 75406.
313
Calculate the remainder when 9200695 is divided by 54766.
7
Calculate the remainder when 33435098 is divided by 50.
48
What is the remainder when 19218 is divided by 1134?
1074
Calculate the remainder when 12787946 is divided by 94.
92
Calculate the remainder when 2932093 is divided by 20504.
21
Calculate the remainder when 14431566 is divided by 161.
9
What is the remainder when 1761768 is divided by 880?
8
What is the remainder when 1167993 is divided by 324?
297
Calculate the remainder when 80067728 is divided by 155.
153
Calculate the remainder when 496663 is divided by 133.
41
Calculate the remainder when 5477883 is divided by 64.
59
Calculate the remainder when 31703 is divided by 15790.
123
What is the remainder when 9852241 is divided by 165?
91
What is the remainder when 3190091 is divided by 257?
207
What is the remainder when 3351044 is divided by 37233?
74
Calculate the remainder when 5983598 is divided by 956.
950
What is the remainder when 62278853 is divided by 1122?
1121
Calculate the remainder when 114465 is divided by 16352.
1
Calculate the remainder when 222452459 is divided by 15.
14
What is the remainder when 70237642 is divided by 623?
622
What is the remainder when 44948606 is divided by 78?
14
What is the remainder when 545843 is divided by 24801?
221
What is the remainder when 158081868 is divided by 37?
34
Calculate the remainder when 15013734 is divided by 84.
78
Calculate the remainder when 230465214 is divided by 28.
14
What is the remainder when 1934718 is divided by 405?
33
Calculate the remainder when 357637 is divided by 17.
8
What is the remainder when 464567 is divided by 6194?
17
Calculate the remainder when 622285 is divided by 103697.
103
Calculate the remainder when 171655 is divided by 85674.
307
Calculate the remainder when 69792 is divided by 955.
77
Calculate the remainder when 6690591 is divided by 3369.
3126
What is the remainder when 398093078 is divided by 1190?
1188
What is the remainder when 4504300 is divided by 46436?
8
Calculate the remainder when 235702 is divided by 1645.
467
What is the remainder when 3001892 is divided by 324?
32
Calculate the remainder when 61540553 is divided by 1362.
1307
What is the remainder when 195173013 is divided by 12?
9
Calculate the remainder when 278507 is divided by 381.
377
Calculate the remainder when 287163 is divided by 15112.
35
Calculate the remainder when 6821068 is divided by 20121.
49
Calculate the remainder when 63065 is divided by 7495.
3105
What is the remainder when 924935 is divided by 8?
7
What is the remainder when 5149 is divided by 1015?
74
Calculate the remainder when 9681528 is divided by 5378